) to base 8.
33726357
Convert 1111100111011111001000 (base 2) to base 8.
17473710
-2d23c (base 16) to base 3
-100101121212
What is -8b5238 (base 12) in base 5?
-1032241344
What is 1020513230 (base 6) in base 14?
15bd80a
What is 14938 (base 10) in base 7?
61360
What is -3d943 (base 15) in base 6?
-4123530
-b908 (base 14) to base 16
-7cd4
-1761da (base 14) to base 6
-25352524
What is -1111120202212 (base 3) in base 7?
-6534626
Convert 259d00 (base 14) to base 2.
100111100001001111100
97694b (base 12) to base 11
1397472
What is -1220100211011 (base 3) in base 11?
-630634
22b2872 (base 14) to base 11
9394133
What is -8bc41b (base 13) in base 2?
-1100101000011111011011
3243210 (base 5) to base 14
165dd
1001111010110011100111 (base 2) to base 3
11220002202111
What is -1051539 (base 10) in base 2?
-100000000101110010011
Convert 20503535 (base 6) to base 14.
11872b
What is b132b2 (base 12) in base 7?
32326556
What is -11340125 (base 9) in base 11?
-3129758
What is -16720573 (base 9) in base 4?
-200002123113
What is -2fb91 (base 16) in base 4?
-233232101
20220112110101 (base 3) to base 15
4c7d1d
What is 44649 (base 10) in base 8?
127151
Convert 4313323 (base 7) to base 8.
2000503
What is 2391995 (base 10) in base 11?
1394161
What is -13122230020 (base 4) in base 6?
-105401304
-1020011011222 (base 3) to base 8
-2372455
Convert 22615515 (base 7) to base 9.
3658423
What is 3069b16 (base 13) in base 3?
1000121111011220
What is -529101 (base 13) in base 11?
-1100765
Convert -2410578 (base 9) to base 12.
-52ba2b
What is 121528 (base 10) in base 5?
12342103
Convert 20200521 (base 8) to base 2.
10000010000000101010001
What is -95231 (base 11) in base 14?
-38792
What is 243463 (base 7) in base 12?
218b4
What is 2146030 (base 8) in base 7?
4620602
Convert 1104201000 (base 5) to base 15.
329cba
-222131333000 (base 4) to base 13
-23ca3c2
-2235363 (base 9) to base 14
-234dd6
7467026 (base 8) to base 6
110424410
What is -1a8062 (base 13) in base 14?
-137b8b
1489031 (base 13) to base 14
c2aab8
Convert -4521000 (base 7) to base 10.
-559776
4981990 (base 10) to base 15
68622a
What is -10022111111001 (base 3) in base 14?
-33bdba
Convert 10200212202 (base 3) to base 4.
101301230
What is -329358 (base 14) in base 15?
-23d52b
Convert -79016 (base 13) to base 6.
-4413115
3151533 (base 6) to base 4
211300101
What is 725a2 (base 15) in base 13?
c8c51
What is a8059 (base 12) in base 8?
660105
Convert -5773364 (base 8) to base 15.
-210533
1305088 (base 12) to base 2
1110010001011000101000
Convert -127262 (base 9) to base 8.
-227264
14104431 (base 5) to base 13
50931
-4322012 (base 5) to base 8
-217246
-12604314 (base 8) to base 13
-779922
What is 35020002 (base 6) in base 11?
6751a3
214313324 (base 6) to base 9
7218747
What is 330620 (base 9) in base 3?
101000200200
What is 221503 (base 8) in base 13?
27c28
-2858753 (base 10) to base 3
-12101020110202
-58056 (base 11) to base 10
-83914
52465 (base 9) to base 5
2102041
What is 902318 (base 10) in base 12?
376212
What is 1422030 (base 6) in base 10?
80802
Convert -38ca4 (base 14) to base 7.
-1121164
-2120011111202 (base 3) to base 12
-557a32
What is -6610 (base 14) in base 6?
-213422
feda (base 16) to base 7
361132
Convert -856b0 (base 13) to base 3.
-110020002020
What is 100011011011101100010 (base 2) in base 10?
1161058
What is -420314554 (base 6) in base 13?
-1689721
-2234164 (base 8) to base 13
-18207a
What is 8be00 (base 16) in base 14?
10cb16
Convert -288808 (base 9) to base 2.
-101011001110110010
-31ca78 (base 16) to base 2
-1100011100101001111000
-130500 (base 10) to base 6
-2444100
23103023 (base 5) to base 11
131283
Convert -32402443 (base 5) to base 10.
-278498
Convert -50664522 (base 8) to base 3.
-202011002102212
What is -1300223013 (base 4) in base 5?
-104232021
2af2d8 (base 16) to base 4
22233023120
Convert -3461552 (base 8) to base 7.
-11005065
Convert -210301203 (base 4) to base 7.
-1165101
2303146 (base 7) to base 4
1012001233
1266657 (base 8) to base 6
11343011
What is 132801 (base 9) in base 5?
10041324
21110012112120 (base 3) to base 8
17067001
What is -84416 (base 12) in base 3?
-22210212000
What is 15026230 (base 7) in base 3?
2200002011221
Convert -1031340411 (base 5) to base 15.
-2db4db
Convert -3230331 (base 5) to base 2.
-1101011100110011
-58b37 (base 12) to base 2
-11101000101011011
What is 1903 (base 15) in base 14?
1d7d
What is 6789940 (base 10) in base 6?
401310524
-24655540 (base 7) to base 9
-4172384
What is 144044400 (base 5) in base 10?
768725
Convert -230932 (base 10) to base 9.
-381701
What is -11353304 (base 6) in base 12?
-152834
23592c (base 15) to base 11
a54440
Convert 30622 (base 13) to base 16.
152c5
What is 603b6 (base 15) in base 16?
4a5d4
Convert -110001111010100101000 (base 2) to base 3.
-10002002122200
Convert -a23c (base 14) to base 8.
-66356
Convert -14eebb (base 16) to base 7.
-14442343
What is 2245a6 (base 12) in base 15?
ac099
257567 (base 8) to base 2
10101111101110111
Convert 23340611 (base 7) to base 5.
1011412420
-2530240 (base 7) to base 10
-326662
What is -1000010001001101110010 (base 2) in base 7?
-24265504
Convert -1372818 (base 9) to base 16.
-b8b9e
3313142 (base 6) to base 7
1255634
Convert 174004 (base 13) to base 5.
122030022
What is 2746367 (base 10) in base 3?
12011112022022
Convert -310868 (base 15) to base 7.
-25544615
What is -20031650 (base 8) in base 12?
-14aaab4
6054023 (base 8) to base 13
43b23c
What is 222121102100 (base 3) in base 5?
113224403
Convert 15311266 (base 7) to base 3.
2202102201221
What is -1111111100011010 (base 2) in base 15?
-1453b
6e51f (base 16) to base 5
103424441
What is 3699760 (base 10) in base 3?
20221222010011
252183 (base 10) to base 11
162518
Convert -3762464 (base 10) to base 7.
-43660166
701002 (base 10) to base 7
5646511
What is -20a4d (base 15) in base 14?
-29a61
What is -5a534 (base 15) in base 13?
-a1158
Convert -28b61 (base 12) to base 6.
-1115401
What is 2b2c4 (base 14) in base 6?
2150020
Convert 130210000 (base 4) to base 3.
12221111001
Convert -23240224 (base 8) to base 2.
-10011010100000010010100
What is 187107 (base 13) in base 16?
963a8
Convert 2076343 (base 9) to base 5.
241112330
51a36 (base 11) to base 8
224011
Convert 58741 (base 9) to base 14.
1042d
Convert 80bbe (base 15) to base 5.
101021104
What is 242443030 (base 5) in base 7?
12456516
-2237745 (base 9) to base 2
-100100110100001100110
Convert -1113232031 (base 4) to base 14.
-94d2d
-14651633 (base 7) to base 8
-5275237
Convert -223103203 (base 5) to base 2.
-11110001001100011000
1719760 (base 10) to base 13
482a13
Convert 1000111110100101010001111 (base 2) to base 13.
3b92aa6
What is 2547b (base 12) in base 4?
30121133
-10121000012102 (base 3) to base 12
-780b85
What is -361310 (base 8) in base 9?
-207474
What is -350260 (base 8) in base 2?
-11101000010110000
-145127 (base 11) to base 16
-37474
Convert -64131210 (base 7) to base 15.
-725b5c
752659 (base 13) to base 8
12365712
What is -11011110110100101001 (base 2) in base 12?
-380209
Convert -21002202221 (base 3) to base 11.
-96045
Convert 13b0ca (base 13) to base 6.
14152141
Convert -11326363 (base 7) to base 15.
-14ad7a
What is 340178 (base 9) in base 13?
71852
303412412 (base 5) to base 4
10230311220
Convert 5344158 (base 10) to base 16.
518b9e
Convert 531200440 (base 6) to base 9.
18444506
What is -45146 (base 9) in base 8?
-72474
Convert 101051225 (base 6) to base 2.
110100111000111000001
Convert -30110333213 (base 4) to base 8.
-14247747
-4054014 (base 6) to base 16
-2f5ba
Convert 99201 (base 10) to base 5.
11133301
Convert 45210 (base 10) to base 14.
12694
What is 2d364c (base 16) in base 4?
23103121030
Convert 1126441 (base 10) to base 6.
40051001
What is 72996 (base 12) in base 5?
14300033
-10000010001101111100 (base 2) to base 10
-533372
Convert -1b0da (base 15) to base 4.
-111132103
What is -9dd03 (base 16) in base 3?
-1012211200212
-684535 (base 9) to base 5
-101111020
What is -37a4b2 (base 12) in base 3?
-1201012210022
Convert 134a0 (base 14) to base 4.
23213110
24518726 (base 9) to base 10
11999931
Convert 3b4a33 (base 12) to base 8.
3577707
92b08 (base 12) to base 14
4dbcc
-13534 (base 7) to base 12
-2184
24142002 (base 8) to base 3
100221220201012
What is -348644 (base 11) in base 10?
-